{"id":137208,"date":"2024-08-01T08:33:30","date_gmt":"2024-08-01T08:33:30","guid":{"rendered":"https:\/\/social.unib.ac.id\/mpa\/?page_id=137208"},"modified":"2024-10-31T07:27:16","modified_gmt":"2024-10-31T07:27:16","slug":"assoc-prof-dr-achmad-aminudin-m-si","status":"publish","type":"page","link":"https:\/\/social.unib.ac.id\/mpa\/assoc-prof-dr-achmad-aminudin-m-si\/","title":{"rendered":"Prof. Dr. Achmad Aminudin, M.Si"},"content":{"rendered":"<p>Nama : Prof. Dr. Achmad Aminudin, M.Si<br>Jabatan Fungsional Akademik : Profesor Asociate<br>Tempat dan Tanggal Lahir : Klaten, 9 Juni 1960<br>Pangkat : Pembina<br>Perguruan Tinggi : Universitas Bengkulu<br>Alamat e-mail : achmadaminudinunib@gmail.com<\/p><h2 class=\"wp-block-heading\">Jurnal<\/h2><figure class=\"wp-block-table\"><table class=\"has-fixed-layout\"><tbody><tr><td><strong>Nama Dosen<\/strong><\/td><td><strong>Judul Artikel yang Disitasi (Jurnal, Volume, Tahun, Nomor, Halaman)<\/strong><\/td><\/tr><tr><td>Dr. Achmad Aminudin, M.Si<\/td><td><a href=\"https:\/\/pdfs.semanticscholar.org\/47fc\/2e09aee558012a91f1312dff38fb50fa9c63.pdf\" target=\"_blank\" rel=\"noreferrer noopener\">Penerapan Good Village Governance dalam Pembangunan Desa. Vol 3 No 1, Tahun 2019, Hal 1-17<\/a><\/td><\/tr><tr><td>Dr. Achmad Aminudin, M.Si<\/td><td><a href=\"https:\/\/www.neliti.com\/publications\/340226\/pelembagaan-program-unit-pengelolaan-keuangan-desa-upkd-bengkulu-regional-develo\" target=\"_blank\" rel=\"noreferrer noopener\">Pelembagaan Program Unit Pengelolaan Keuangan Desa (UPKD) Proyek Pembangunan Daerah (BRDP) Bengkulu Desa Muara Payang Kabupaten Bengkulu Selatan. Vol 2 No 2, Tahun 2020, Hal 1-17<\/a><\/td><\/tr><tr><td>Dr. Achmad Aminudin, M.Si<\/td><td><a href=\"https:\/\/pdfs.semanticscholar.org\/bbd8\/7a81a4df06b63a9b5ad752aa42691ba67010.pdf\" target=\"_blank\" rel=\"noreferrer noopener\">Demokratisasi Kebijakan Kesehatan Melalui Piagam Warga di Kabupaten Bengkulu Utara, Vol 2 No 3, Tahun 2019, Hal 232-244<\/a><\/td><\/tr><\/tbody><\/table><\/figure><h2 class=\"wp-block-heading\"><strong>Buku ber-ISBN, <em>Book Chapter<\/em><\/strong><\/h2><figure class=\"wp-block-table\"><table class=\"has-fixed-layout\"><tbody><tr><td><strong>Luaran Penelitian dan PkM<\/strong><\/td><td><strong>Tahun (YYYY)<\/strong><\/td><td><strong>Keterangan<\/strong><\/td><\/tr><tr><td>Achmad Aminudin dan Suratman. 2020 Kebijakan publik : teori, analisis dan model kebijakan. Elite Media Kreazi (Elmarkazi). 2020. Kota Bengkulu.<\/td><td>2020<\/td><td>ISBN: 9786237739906<\/td><\/tr><\/tbody><\/table><\/figure><h2 class=\"wp-block-heading\">HKI<\/h2><figure class=\"wp-block-table\"><table class=\"has-fixed-layout\"><tbody><tr><td><strong>Luaran Penelitian dan PkM<\/strong><\/td><td><strong>Tahun (YYYY)<\/strong><\/td><td><strong>Keterangan<\/strong><\/td><\/tr><tr><td><a href=\"https:\/\/drive.google.com\/file\/d\/1r4w0A4sZ_titpt7MLtEE231GxkRAMg8u\/view?usp=drive_link\" target=\"_blank\" rel=\"noreferrer noopener\">Transformasi Organisasi Kereta Api Indonesia (KAI)<\/a><\/td><td>2023<\/td><td>HKI No : EC00202406498 an. Dr. H. Achmad Aminudin, M.Si<\/td><\/tr><tr><td><a href=\"https:\/\/drive.google.com\/file\/d\/1b4Uncro6Pm61Icdq-K-ZamlyBFzR9DRm\/view?usp=drive_link\" target=\"_blank\" rel=\"noreferrer noopener\">Efforts To Improve Socio-Economic Society Through The Samisake Program In The Covid-19 Era In Bengkulu City.<\/a><\/td><td>2022<\/td><td>HKI No : EC00202262731 an . H. Achmad Aminudin, M.Si<\/td><\/tr><tr><td><a href=\"https:\/\/drive.google.com\/file\/d\/1XogCZ-KuMohaopOKtqCDjeaVXdQWGZDr\/view?usp=drive_link\" target=\"_blank\" rel=\"noreferrer noopener\">Dampak Program Dana Bergulir Samisake Di Kota Bengkulu.<\/a><\/td><td>2022<\/td><td>HKI No : EC00202262733 an Dr. H. Achmad Aminudin, M.Si<\/td><\/tr><tr><td><a href=\"https:\/\/drive.google.com\/file\/d\/1UsKbLLnsV0XQKx0JpP-H-qFeFStb26S6\/view?usp=drive_link\" target=\"_blank\" rel=\"noreferrer noopener\">Implementasi Of Good Village Governance In Village Development<\/a><\/td><td>2021<\/td><td>HKI No : EC00202125493 an . H. Achmad Aminudin, M.Si<\/td><\/tr><tr><td><a href=\"https:\/\/drive.google.com\/file\/d\/1OHC3tEYiR7OvjYQo_nFXpcC2PbJRO3cB\/view?usp=drive_link\" target=\"_blank\" rel=\"noreferrer noopener\">Democratize Health Policy Citizen&#8217;s Charter In North Bengkulu District<\/a><\/td><td>2021<\/td><td>HKI No : EC00202125490 an . H. Achmad Aminudin, M.Si<\/td><\/tr><tr><td><a href=\"https:\/\/drive.google.com\/file\/d\/1DPy5HITMQmoLnxUL1Vey9FHHq3UOudpF\/view?usp=drive_link\" target=\"_blank\" rel=\"noreferrer noopener\">Kebijakan Publik (Teori, Analisis dan Model Kebijakan)<\/a><\/td><td>2021<\/td><td>HKI No : EC00202123858 an . H. Achmad Aminudin, M.Si., Suratman, S.IP, M.Si<\/td><\/tr><tr><td><a href=\"https:\/\/drive.google.com\/file\/d\/1QzHBdznfeQqSInYo49L_qD2Z_XyXsnDp\/view?usp=drive_link\" target=\"_blank\" rel=\"noreferrer noopener\">Filsafat Administrasi Publik<\/a><\/td><td>2021<\/td><td>HKI No : EC00202123851 an . H. Achmad Aminudin, M.Si<\/td><\/tr><tr><td><a href=\"https:\/\/drive.google.com\/file\/d\/1Y1FK7VxjRt2QYXSOnIDbjTumpggt0ZY8\/view?usp=drive_link\" target=\"_blank\" rel=\"noreferrer noopener\">Pelembagaan Program Unit Pengelolaan Keuangan Desa Bengkulu Regional Development Project Desa Muara Payang Kabupaten Bengkulu Selatan<\/a><\/td><td>2020<\/td><td>HKI No : EC00202123850 an Dr. H. Achmad Aminudin, M.Si<\/td><\/tr><tr><td><a href=\"https:\/\/drive.google.com\/file\/d\/1d1TFykLqhadEL0zLYNmoDbpGEPD9lvcn\/view?usp=drive_link\" target=\"_blank\" rel=\"noreferrer noopener\">Penyelenggaraan Pilkada Gubernur Bengkulu 2015: Suatu Catatan Pengetahuan Tentang Demokrasi Di Daerah<\/a><\/td><td>2020<\/td><td>HKI No : EC00202262730 an Dr. H. Achmad Aminudin, M.Si<\/td><\/tr><\/tbody><\/table><\/figure><h2 class=\"wp-block-heading\">Kompetensi<\/h2><figure class=\"wp-block-table\"><table class=\"has-fixed-layout\"><tbody><tr><td>Dr. Ahcmad Aminudin, M.Si.<\/td><td>Kebijakan Publik dan Politik<\/td><td>Sebagai Penulis dalam Jurnal berjudul The Bargaining Politics: Determining Regional Public Policy In Formulating The<br>Samisake Revolving Fund ProgramIn Bengkulu City, Indonesia [Deryb\u0173 Politika: Regionin\u0117s Vie\u0161osios Politikos<br>Nustatymas Formuojant Samisake Apyvartinio Fondo Program\u0105 Bengkulu Mieste, Indonezijoje]. Vie\u0161oji Politika Ir<br>Administravimas Public Policy And Administration<\/td><td><\/td><td><\/td><td>V<\/td><td>2023<\/td><\/tr><tr><td>Dr. Ahcmad Aminudin, M.Si.<\/td><td>Kebijakan Publik dan Politik<\/td><td>Sebagai Penulis dalam Jurnal berjudul Orientation, organizational capability, organizational coordination and cooperation<br>as predictor of long-term orientation: Examining the mediating role of supply chain management.<\/td><td><\/td><td><\/td><td>V<\/td><td>2022<\/td><\/tr><tr><td>Dr. Ahcmad Aminudin, M.Si.<\/td><td>Kebijakan Publik dan Politik<\/td><td>Sebagai Penulis dalam Jurnal berjudul Efforts To Improve Socio-Economic Society Through The Samisake Program in<br>The Covid-19 Era in Bengkulu City. Published by Atlantis Press.<\/td><td><\/td><td><\/td><td>V<\/td><td>2021<\/td><\/tr><\/tbody><\/table><\/figure>","protected":false},"excerpt":{"rendered":"<p>Nama : Prof. Dr. Achmad Aminudin, M.SiJabatan Fungsional Akademik : Profesor AsociateTempat dan Tanggal Lahir : Klaten, 9 Juni 1960Pangkat : PembinaPerguruan Tinggi : Universitas BengkuluAlamat e-mail : achmadaminudinunib@gmail.com Jurnal Nama Dosen Judul Artikel yang Disitasi (Jurnal, Volume, Tahun, Nomor, Halaman) Dr. Achmad Aminudin, M.Si Penerapan Good Village Governance dalam Pembangunan Desa. Vol 3 No [&hellip;]<\/p>\n","protected":false},"author":9,"featured_media":0,"parent":0,"menu_order":0,"comment_status":"closed","ping_status":"closed","template":"","meta":{"footnotes":""},"class_list":["post-137208","page","type-page","status-publish","hentry"],"_links":{"self":[{"href":"https:\/\/social.unib.ac.id\/mpa\/wp-json\/wp\/v2\/pages\/137208","targetHints":{"allow":["GET"]}}],"collection":[{"href":"https:\/\/social.unib.ac.id\/mpa\/wp-json\/wp\/v2\/pages"}],"about":[{"href":"https:\/\/social.unib.ac.id\/mpa\/wp-json\/wp\/v2\/types\/page"}],"author":[{"embeddable":true,"href":"https:\/\/social.unib.ac.id\/mpa\/wp-json\/wp\/v2\/users\/9"}],"replies":[{"embeddable":true,"href":"https:\/\/social.unib.ac.id\/mpa\/wp-json\/wp\/v2\/comments?post=137208"}],"version-history":[{"count":2,"href":"https:\/\/social.unib.ac.id\/mpa\/wp-json\/wp\/v2\/pages\/137208\/revisions"}],"predecessor-version":[{"id":137483,"href":"https:\/\/social.unib.ac.id\/mpa\/wp-json\/wp\/v2\/pages\/137208\/revisions\/137483"}],"wp:attachment":[{"href":"https:\/\/social.unib.ac.id\/mpa\/wp-json\/wp\/v2\/media?parent=137208"}],"curies":[{"name":"wp","href":"https:\/\/api.w.org\/{rel}","templated":true}]}}